 Let f be n(-6). What is the units digit of j(f)?
4
Let b(v) be the third derivative of -23*v**4/24 + 17*v**3/6 - 304*v**2 + 2*v. Let n = 17 + -25. What is the units digit of b(n)?
1
Let q = -40350 + 71111. What is the tens digit of q?
6
Let c(x) = -9*x**2 - 91*x + 55. Suppose 3*n + 56 = -5*n. Let i(j) = -13*j**2 - 136*j + 82. Let k(r) = n*c(r) + 5*i(r). What is the units digit of k(-21)?
6
Suppose z = -2, -2*w = -0*w + z - 10. Let v = 182 - w. What is the units digit of v?
6
Let s = -90 - -27. Let f = 59 - s. What is the hundreds digit of f?
1
Let g(q) = q**2 + 10*q + 19. Suppose -6 - 26 = 4*b. Let f be g(b). What is the units digit of 82/f + 11/(-33)?
7
Suppose -5573296 - 709162 = -91*c. What is the tens digit of c?
3
Let d(q) = -2*q**2 + 987*q + 47. What is the units digit of d(39)?
8
Suppose 3*n - 3*w = -4*w + 34, 49 = 4*n + 5*w. Let o(k) = 10*k**2 - 28*k + 204. What is the hundreds digit of o(n)?
1
Suppose 5*l + 2769 = 184. Let o = l + 261. Let d = -82 - o. What is the tens digit of d?
7
Let d(c) = -3*c - 2*c**3 + c**3 + 20*c**2 + c - 14*c**2 - 4. Let k be d(-6). Suppose -k = -9*i + 4*i. What is the tens digit of i?
8
Let s(m) = -15 + 7 - 72 - 74*m. What is the hundreds digit of s(-7)?
4
Suppose -5*y = 5*s + 20, -s - 3*y - 4 = -6*y. Let b be s/(-8) - 511/14. What is the tens digit of (-1)/4 + (-2493)/b?
6
Suppose -4*s + 3*g = -19, 4*s - 2 - 12 = -2*g. Suppose s*i = 3*x + 685, -i + 181 = x - 5*x. What is the units digit of i?
9
Suppose 6*a - 36 = -0*a. Suppose -x - 6*y + 2*y = a, 2*y - 4 = 3*x. What is the tens digit of ((-1)/x)/(3/648)?
0
Suppose -2*q - 3*z = -120, q - 5*z - 47 = -0*z. Let f = q - 61. What is the tens digit of 215/(-10)*f/2?
4
Let o = 392 + -735. Let g be -501 + (-12)/(-12) + 11. Let t = o - g. What is the tens digit of t?
4
Let j(t) = -3*t**2 + 9*t - 10. Let v(c) = 7*c**2 - 19*c + 21. Let b(k) = 5*j(k) + 2*v(k). Let i be b(5). What is the units digit of (9/((-81)/207))/(i/(-6))?
9
Suppose -29128 = -z - x, -4*x + 28088 = 2*z - 30156. What is the hundreds digit of z?
1
Suppose 6*t - 8864 - 28780 = 0. What is the units digit of t?
4
Suppose 14*t + 0*t = 21518. Suppose -4*p + 3*i + t + 2748 = 0, -3*p - i = -3217. What is the hundreds digit of p?
0
Let u(o) = -33*o - 183. Let y = 183 - 191. What is the tens digit of u(y)?
8
Suppose 5*d + q = 9*d - 225587, 4*d - 5*q = 225615. What is the hundreds digit of d?
3
Let p be -1*(-20)/6*81/54. Suppose 5*n - 9 - 11 = -p*m, 0 = n + 3*m - 12. Suppose -v - 3 = n, -2*v - 3*v = -q + 216. What is the units digit of q?
1
Let t(d) = -5*d**2 + 6*d + 5. Let b = 0 - -1. Let s(z) = -z**2 - 1. Let x(y) = b*t(y) - 6*s(y). What is the units digit of x(-7)?
8
What is the units digit of 5115 + (-84)/(6 + 8)?
9
Let p be -5 + (-96)/(-18) + (-394)/(-6). What is the thousands digit of (-99)/p + (-9513)/(-6)?
1
Let x = 28636 - 17074. What is the units digit of x?
2
Suppose c + 3*c - 18 = -2*b, 0 = 5*c + b - 24. Suppose -4*o = 3*k - 7, -o - 2*k = 2*k - c. What is the units digit of o?
1
Let r(n) = 4558*n**2 + 30*n + 16. What is the units digit of r(-1)?
4
Let n be 59952/14 - (-64)/(-224). Suppose 7*o - 359 = n. What is the hundreds digit of o?
6
Let j(z) be the first derivative of 3 + 20*z + 7/2*z**2. What is the hundreds digit of j(13)?
1
Suppose 3*m = k + 10, 3 + 19 = 5*m - 3*k. Let x(z) = z - 8*z + 6*z**m - 1 + 0*z. What is the tens digit of x(3)?
3
Let x(n) = -182*n - 14. Suppose s + 29 - 13 = -2*c, -2*s - c - 17 = 0. What is the tens digit of x(s)?
7
Suppose -3*h - 314 = x, 0*x = -3*x + 12. Let t be (h - (-1 - 2))*-1. Suppose -k = -3*b - 4*k + 345, -5*k + t = b. What is the tens digit of b?
1
Let f = 56325 - 26029. What is the hundreds digit of 12/21*8/(128/f)?
0
Suppose -3*j - 1116 = -3*k, 3*k + 20 + 364 = -j. Let l = -48 - j. What is the units digit of l?
7
Suppose c + 23*b = 27*b + 16225, -c + 3*b + 16232 = 0. What is the tens digit of c?
5
Suppose -89248 = -14*r + 142816. What is the thousands digit of r?
6
Let t be 2497/(-4) - (135/36 - 3). Let l = t - -1322. What is the units digit of l?
7
Suppose -22*s = -27*s + 25. Suppose -s*q + 4*h - 4650 = 42746, 0 = -4*q - 5*h - 37925. What is the hundreds digit of 1/((-2410)/q - (-1)/(-4))?
2
Let c = 53343 + -18454. What is the hundreds digit of c?
8
Suppose -3*o = -43 - 50. Suppose 0 = 23*b - o*b + 1616. What is the tens digit of b?
0
Suppose 23*c = n + 26*c - 22303, 2*c + 44622 = 2*n. What is the thousands digit of n?
2
Let y = -36 + 37. Let m be (-6)/4*(9 - 7/y). Let w(u) = -65*u - 3. What is the units digit of w(m)?
2
Suppose 6*x - 8*x = 4, -x - 14 = -3*w. Suppose -21*r + w*r = -1836. What is the hundreds digit of r?
1
Let j be (141/(-12))/((-69)/(-36) + -2). Let a = j - 55. What is the hundreds digit of (0 - a/4)*-6?
1
Let d(n) = 17*n + 8. Let h be d(-1). What is the units digit of (-3009)/h + 8/(-6)?
3
What is the thousands digit of 11/(3190/3353870) + (-28)/406?
1
What is the thousands digit of 23/((-322)/(-258692)) - 11?
8
Let f = 14844 - 7779. What is the hundreds digit of f?
0
Suppose 3*c + 18 = 5*z, 3*z + 3*c - 2 = 28. Suppose z*n + 0*n = 168. Let q = 60 - n. What is the units digit of q?
2
Suppose -13007*v - 409398 = -13013*v. What is the units digit of v?
3
Let o be ((-6)/(-4))/(11/22). Suppose 3*d - 972 = 2*b, o*b + 648 = 2*d + b. Suppose -5*c = -2*x + 324, -x + 4*c + d = x. What is the tens digit of x?
6
Suppose 5*b - 10 = 0, -22*c + 4*b - 4 = -26*c. What is the units digit of ((-68)/(-8) + c)/(9/708)?
0
Suppose -7*k + 2014 = 635. Suppose -z + 0*z + 5*b = -k, -187 = -z + 3*b. What is the hundreds digit of z?
1
Suppose 3*b + 17*h - 12 = 14*h, -4*b - 4 = -h. Suppose 0 = -s - s + 6. What is the units digit of 69 + (b/(-2))/s?
9
Let h = -19 + 19. Suppose h = 2*c + 28 - 32. Suppose c*k = 95 - 21. What is the tens digit of k?
3
Let h = 740 + -170. What is the tens digit of h?
7
Let g = 293 + -412. Let j be g + (-6)/(-3) + 5. Let r = 33 - j. What is the hundreds digit of r?
1
Let w(f) be the third derivative of 0*f - 7/24*f**4 + 0 - 1/10*f**5 + 6*f**2 + 1/6*f**3 - 1/20*f**6. What is the tens digit of w(-3)?
3
Let f = 13206 + -12084. What is the tens digit of f?
2
Suppose 137*z + 12*z - 2009265 = 0. What is the thousands digit of z?
3
Let p(l) = l**3 + 60*l**2 + 115*l - 214. What is the units digit of p(-44)?
2
Let k(c) = -c**2 - 8*c + 35. Let r be k(-11). Suppose -t = r*a - 1239, -4*t = a + 2*a - 1851. What is the tens digit of a?
2
Let j(p) = 245*p + 33. Let w be j(9). Let f = w - 1047. What is the units digit of f?
1
Let i = 671 - 664. Suppose -i*f = 7*f - 19488. What is the thousands digit of f?
1
Suppose 5*b = 5*i - 28760, -3*i + 17263 = -90*b + 94*b. What is the hundreds digit of i?
7
Let g = -184 + 187. Suppose f - q - 609 = -124, -q = -g. What is the hundreds digit of f?
4
Let n(q) = -24 - 21*q + 46*q - 29*q. Let b be n(9). What is the tens digit of (15/b - (-1050)/8) + 1?
3
Let l = 37 - 37. Suppose 7*z - 3304 - 4151 = l. What is the thousands digit of z?
1
Suppose 87990 - 675911 = -42*t + 329065. What is the hundreds digit of t?
8
Let i(s) = 48*s - 32 + 92 - 32. What is the hundreds digit of i(15)?
7
Let f be -6 - (172/(-28) + (-2)/(-14)). Suppose 18*z - 27701 + 6983 = f. What is the units digit of z?
1
Suppose k = -2*t + 13 + 116, 256 = 2*k + 3*t. Suppose -375 = -3*i + 2*h + 3*h, -5*h = i - k. What is the hundreds digit of i?
1
Suppose 4*z + 2*l - 4025 - 85569 = 0, -5*z + 111995 = 5*l. What is the ten thousands digit of z?
2
Let t be (1*-7)/((40/(-8))/(-5)). Let u(y) = -62*y - 11. What is the hundreds digit of u(t)?
4
Let d be 5 + 16/(0 - 4). Suppose 0 = 7*r - 29 + d. Suppose 3*c + 83 = r*m, m + m - 35 = -5*c. What is the tens digit of m?
2
Let v = -191 - -197. Suppose -v = 3*z, l + 758 = 5*l - z. What is the hundreds digit of l?
1
What is the ten thousands digit of (0 + -1 + 0)/(((-27)/100134)/3)?
1
Let t be (56/(-84))/(2/132). Let x = 48 + t. Suppose -330 = -x*a + 2. What is the units digit of a?
3
Suppose -5*w - 3*i = -249677, -24*i - 4 = -20*i. What is the units digit of w?
6
Let a(t) = -63*t + 19. Let h(d) = -1. Let z(m) = a(m) - 6*h(m). What is the tens digit of z(-6)?
0
Let k = 161 + -145. Suppose k*l = -4*l + 3400. What is the units digit of l?
0
What is the ten thousands digit of 102111*(3/(-4) - 1079/(-996))?
3
Suppose 4*u -